reds digit of 39996?
9
What is the units digit of 521?
1
What is the units digit of 1806?
6
What is the tens digit of 18766?
6
What is the units digit of 112684?
4
What is the hundreds digit of 2126?
1
What is the hundreds digit of 811?
8
What is the hundreds digit of 764?
7
What is the units digit of 33070?
0
What is the hundreds digit of 12929?
9
What is the tens digit of 652?
5
What is the hundreds digit of 3833?
8
What is the thousands digit of 2335?
2
What is the thousands digit of 1365?
1
What is the units digit of 217?
7
What is the tens digit of 111430?
3
What is the tens digit of 1133?
3
What is the units digit of 40953?
3
What is the hundreds digit of 4454?
4
What is the units digit of 113204?
4
What is the hundreds digit of 504?
5
What is the units digit of 23189?
9
What is the units digit of 14?
4
What is the thousands digit of 9538?
9
What is the tens digit of 20591?
9
What is the units digit of 39262?
2
What is the hundreds digit of 33021?
0
What is the hundreds digit of 15188?
1
What is the hundreds digit of 67422?
4
What is the tens digit of 65995?
9
What is the units digit of 3828?
8
What is the tens digit of 2374?
7
What is the tens digit of 9794?
9
What is the hundreds digit of 3210?
2
What is the tens digit of 10639?
3
What is the units digit of 19669?
9
What is the hundreds digit of 873?
8
What is the thousands digit of 9346?
9
What is the tens digit of 9279?
7
What is the units digit of 879?
9
What is the thousands digit of 55200?
5
What is the ten thousands digit of 38215?
3
What is the hundreds digit of 7887?
8
What is the hundreds digit of 9564?
5
What is the thousands digit of 2917?
2
What is the units digit of 1163?
3
What is the hundreds digit of 71403?
4
What is the tens digit of 48?
4
What is the hundreds digit of 60436?
4
What is the thousands digit of 6478?
6
What is the tens digit of 5628?
2
What is the units digit of 962?
2
What is the ten thousands digit of 17613?
1
What is the thousands digit of 4506?
4
What is the units digit of 10907?
7
What is the hundreds digit of 2146?
1
What is the thousands digit of 14900?
4
What is the units digit of 376?
6
What is the tens digit of 960?
6
What is the hundreds digit of 1021?
0
What is the units digit of 15939?
9
What is the thousands digit of 3853?
3
What is the tens digit of 795?
9
What is the units digit of 44214?
4
What is the thousands digit of 3345?
3
What is the thousands digit of 36141?
6
What is the ten thousands digit of 24063?
2
What is the hundreds digit of 4877?
8
What is the units digit of 5894?
4
What is the hundreds digit of 26068?
0
What is the hundreds digit of 4123?
1
What is the thousands digit of 16232?
6
What is the ten thousands digit of 11134?
1
What is the tens digit of 1066?
6
What is the hundreds digit of 2096?
0
What is the units digit of 17576?
6
What is the thousands digit of 11777?
1
What is the tens digit of 1629?
2
What is the units digit of 62092?
2
What is the hundreds digit of 41988?
9
What is the hundreds digit of 1084?
0
What is the units digit of 34?
4
What is the hundreds digit of 7672?
6
What is the hundreds digit of 10514?
5
What is the units digit of 776?
6
What is the units digit of 12205?
5
What is the hundreds digit of 18744?
7
What is the thousands digit of 23713?
3
What is the units digit of 18694?
4
What is the thousands digit of 5979?
5
What is the units digit of 190?
0
What is the tens digit of 1266?
6
What is the thousands digit of 1347?
1
What is the tens digit of 15796?
9
What is the tens digit of 6011?
1
What is the units digit of 28?
8
What is the hundreds digit of 33800?
8
What is the thousands digit of 24683?
4
What is the hundreds digit of 319?
3
What is the thousands digit of 1114?
1
What is the units digit of 1093?
3
What is the thousands digit of 1924?
1
What is the units digit of 1708?
8
What is the hundreds digit of 1662?
6
What is the units digit of 333?
3
What is the units digit of 604?
4
What is the ten thousands digit of 37192?
3
What is the thousands digit of 1706?
1
What is the tens digit of 915?
1
What is the tens digit of 811?
1
What is the tens digit of 1079?
7
What is the thousands digit of 1429?
1
What is the units digit of 1969?
9
What is the thousands digit of 17140?
7
What is the tens digit of 33207?
0
What is the hundreds digit of 17426?
4
What is the units digit of 728?
8
What is the ten thousands digit of 49283?
4
What is the tens digit of 398?
9
What is the units digit of 7476?
6
What is the hundreds digit of 3190?
1
What is the tens digit of 16619?
1
What is the tens digit of 96601?
0
What is the thousands digit of 3555?
3
What is the thousands digit of 7358?
7
What is the units digit of 1026?
6
What is the thousands digit of 4009?
4
What is the tens digit of 2219?
1
What is the hundreds digit of 55997?
9
What is the hundreds digit of 47858?
8
What is the units digit of 2255?
5
What is the thousands digit of 2899?
2
What is the units digit of 892?
2
What is the hundreds digit of 31636?
6
What is the hundreds digit of 6262?
2
What is the hundreds digit of 842?
8
What is the tens digit of 10494?
9
What is the thousands digit of 42527?
2
What is the units digit of 80755?
5
What is the units digit of 75378?
8
What is the ten thousands digit of 30701?
3
What is the ten thousands digit of 10921?
1
What is the thousands digit of 3548?
3
What is the thousands digit of 38227?
8
What is the tens digit of 2616?
1
What is the hundreds digit of 652?
6
What is the thousands digit of 34134?
4
What is the hundreds digit of 19684?
6
What is the hundreds digit of 98671?
6
What is the hundreds digit of 10227?
2
What is the tens digit of 454?
5
What is the hundreds digit of 37752?
7
What is the thousands digit of 57107?
7
What is the tens digit of 59?
5
What is the units digit of 18802?
2
What is the tens digit of 1610?
1
What is the tens digit of 38058?
5
What is the hundreds digit of 6742?
7
What is the hundred thousands digit of 101266?
1
What is the tens digit of 64480?
8
What is the thousands digit of 13784?
3
What is the tens digit of 10682?
8
What is the ten thousands digit of 69538?
6
What is the units digit of 6378?
8
What is the units digit of 111736?
6
What is the ten thousands digit of 47497?
4
What is the units digit of 1382?
2
What is the tens digit of 636?
3
What is the hundreds digit of 35141?
1
What is the tens digit of 514?
1
What is the units digit of 4334?
4
What is the thousands digit of 34014?
4
What is the tens digit of 4271?
7
What is the ten thousands digit of 11887?
1
What is the thousands digit of 17280?
7
What is the thousands digit of 24205?
4
What is the units digit of 931?
1
What is the thousands digit of 82949?
2
What is the units digit of 4279?
9
What is the ten thousands digit of 56732?
5
What is the hundreds digit of 16951?
9
What is the hundreds digit of 1275?
2
What is the tens digit of 827?
2
What is the ten thousands digit of 80810?
8
What is the thousands digit of 3929?
3
What is the hundreds digit of 5146?
1
What is the tens digit of 10131?
3
What is the ten thousands digit of 14510?
1
What is the tens digit of 12557?
5
What is the hundreds digit of 2396?
3
What is the units digit of 2504?
4
What is the units digit of 12640?
0
What is the hundreds digit of 46516?
5
What is the thousands digit of 2097?
2
What is the tens digit of 962?
6
What is the units digit of 654?
4
What is the tens digit of 21818?
1
What is the hundred thousands digit of 109632?
1
What is the hundreds digit of 2327?
3
What is the thousands digit of 10619?
0
What is the tens digit of 62138?
3
What is the units digit of 1972?
2
What is the hundreds digit of 29341?
3
What is the hundreds digit of 2913?
9
What is the tens digit of 40039?
3
What is the hundreds digit of 78245?
2
What is the units digit of 33069?
9
What is the units digit of 40?
0
What is the hundreds digit of 613?
6
What is the units digit of 16646?
6
What is the units digit of 9923?
3
What is the thousands digit of 11661?
1
What is the thousands digit of 107622?
7
What is the thousands digit of 1931?
1
What is the hundreds digit of 45828?
8
What is the thousands digit of 2031?
2
What is the tens digit of 16864?
6
What is the tens digit of 5201?
0
What is the thousands digit of 1878?
1
What is the units digit of 22237?
7
What is